0 = -381*r. Let c = r + 202. Calculate the greatest common factor of 6 and c.
6
Let q(j) = 8*j. Let b be q(1). Suppose 0 = -y - 5*a + 227, -2*y - a - 150 = -595. Let r = -220 + y. Calculate the greatest common divisor of r and b.
2
Let n = -14 - -22. Suppose -n*s = -26 - 6. Suppose -5*b - 1 + 29 = 3*q, -q - s*b = 0. Calculate the highest common factor of q and 4.
4
Suppose -3 = -3*w + 3*a, -3*w = -2*w - 2*a + 1. Let s be 2/w - -22*(-1)/(-3). Calculate the greatest common divisor of s and 92.
4
Let w be (3*-2 - (-294)/28)*19942/39. What is the greatest common divisor of w and 507?
39
Let o(s) = 2*s**2 + 59*s + 96. Let y be o(-30). Suppose -3*c + 3*h + 732 = 0, 1094 = 4*c - 2*h + y. What is the greatest common divisor of 144 and c?
48
Suppose 5 = -4*l + 1, -5*j + 3*l = -68. Let a = 38 - j. Let y = a - -25. What is the greatest common divisor of 25 and y?
25
Let x = 11120 - 10996. Let f(z) = z**3 + 4*z**2 - 4*z - 2. Let o be f(-6). Let k = o + x. What is the greatest common divisor of k and 37?
37
Let z be (2712 + -3 - 10) + -20. Calculate the highest common divisor of 1128 and z.
141
Let y = -216 + 276. Suppose 5*m - y = -15. What is the greatest common factor of 27 and m?
9
Suppose -f = -1, f - 29 - 23 = -3*h. Suppose 147*c + 3173 = 152*c - 4*w, 7 = -w. Calculate the highest common divisor of c and h.
17
Let q = -32 - -197. Let f(j) = -j**3 - 7*j**2 - 7*j + 6. Let c be f(-5). Let h be (-596)/c + 20/(-90). What is the greatest common divisor of q and h?
33
Let f(t) = 2*t**2 + 187*t - 98. Let c be f(-131). What is the greatest common factor of c and 284?
71
Let i = 74 + -32. Suppose 0 = -5*s + 9 + 11. Suppose -4*w = -s*o - 6*w + 86, 5*o + 4*w - 109 = 0. Calculate the greatest common divisor of i and o.
21
Suppose 7 = -4*f - 25. Let a = f + 8. Suppose -5*l + 4*d + 367 + 226 = a, 0 = -2*l - 5*d + 257. What is the greatest common factor of 11 and l?
11
Suppose -94*q = -103*q + 486. What is the greatest common divisor of q and 4833?
27
Suppose 5*p + 746 = 761. Let r be (1161 - -2) + -6 + (7 - p). What is the highest common divisor of r and 27?
27
Let h(s) = -11*s**3 + 3*s**2 + s + 6. Let z be h(-2). What is the highest common factor of z and 448?
8
Suppose 45*c - 42*c = 399. Let v = c - 116. What is the highest common divisor of 2 and v?
1
Suppose -2*n - 343 = 4*h - 1319, n = -5*h + 485. What is the highest common factor of n and 160?
10
Suppose 0 = s - 3*h - 188 - 129, 3*s - 881 = -5*h. Let m = s + -290. What is the greatest common divisor of 57 and m?
3
Let t = -429 + 230. Let l = t + 211. Let b(x) = x**3 + 12*x**2 + 11*x + 3. Let z be b(-11). Calculate the highest common factor of z and l.
3
Let y be 318 + (5 + -1)/(-15 + 711/45). Calculate the highest common divisor of 1343 and y.
17
Let f(n) = -3*n**2 - 137*n - 133. Let v be f(-41). What is the highest common factor of v and 18?
9
Let u(k) = k**3 + 45*k**2 + 385*k - 20. Let g be u(-12). What is the greatest common divisor of 94864 and g?
112
Suppose -13*k + 9*k = 208. Let z = k + 75. Suppose 0 = -6*u + 161 - z. Calculate the greatest common divisor of 207 and u.
23
Let q(s) = -2*s**3 - 7*s**2 + 14*s + 27. Let o be q(-11). Suppose 0 = -4*d - 16, -d - o = -3*y + d. What is the highest common divisor of 14 and y?
14
Suppose n + 260 = -2*g, 2*n + 2*g + 350 = -176. Let u be 22/14 + -2 - 22990/n. What is the greatest common divisor of u and 1118?
86
Let u(t) = 2*t - 3. Let k be u(23). Let w(c) = 12*c + 7. Let a be w(3). What is the highest common factor of a and k?
43
Suppose -l + 6*l = -10990. Let f = -1230 - l. What is the highest common factor of 8 and f?
8
Let n = 366 + -144. Suppose 221*t = n*t - 79. Calculate the greatest common factor of t and 237.
79
Let p(x) = x**2 + 36*x - 328. Let c be p(-44). What is the greatest common factor of 210 and c?
6
Suppose 6*i = 3954 + 10896. Calculate the greatest common factor of 45 and i.
45
Let d = 1753 + -1412. What is the greatest common factor of 217 and d?
31
Suppose r = -b - 8, -2*r - b = -0*b + 17. Let p be (-3)/2*(1 - (-105)/r). Suppose 4*v - 12*v = -1024. Calculate the highest common divisor of p and v.
16
Let a(t) = t**3 + 7*t**2 - 5*t - 4. Let q be a(-4). Suppose -4*p + 10447 = 10543. Let n be (3*p/7)/(9/(-84)). Calculate the greatest common divisor of q and n.
32
Let f(b) = -363*b + 2229. Let c be f(6). Calculate the highest common factor of 2329 and c.
17
Suppose i = 2*o - 7, -4*i - 13 = 2*o - 7*o. Suppose 4*r = i*h + 287, -3*h - 450 = 2*h - r. Let m = h - -125. Calculate the greatest common divisor of 18 and m.
18
Let p be (-13 - (1 - -4)) + -2 + -1. Let y be 11/((-462)/(-450)) + (-6)/p. What is the greatest common factor of y and 44?
11
Let y(v) = 642*v - 4881. Let q be y(8). What is the greatest common factor of 1360 and q?
85
Let o(z) = -z**2 + 8*z - 3. Let g be o(8). Let y be 258/9 + g/(-9). Calculate the greatest common divisor of y and 145.
29
Let x(n) = 32*n**2 - 142*n + 1040. Let h be x(8). What is the greatest common divisor of h and 224?
32
Let a(d) = 188*d + 2871. Let t be a(-15). Calculate the highest common divisor of t and 221.
17
Let c be (-479331)/(-492) + 3/4. Calculate the greatest common factor of c and 221.
13
Suppose -79 = -4*z + 17. Suppose 2*h + h - 2*c - z = 0, -5*h = -3*c - 40. Suppose 3*i = 15, 6 = -3*x + 5*i - 13. What is the highest common divisor of x and h?
2
Let i be 52184/1188 - (-2)/27. Let q = 6 + 15. Let y = q - 10. What is the greatest common factor of i and y?
11
Let q be 62/56 + 156/(-182) + 678/8. Calculate the greatest common divisor of q and 34.
17
Let s(v) be the second derivative of -14*v**3/3 + v**2 - 8*v. Let j be s(-2). Suppose 5*a - j = 527. Calculate the greatest common factor of a and 26.
13
Suppose 8*j + 340 = 25*j. Let c be (-2)/8 + 185/j. What is the greatest common factor of 324 and c?
9
Suppose -3*y + 255 = 5*s, 3*y - 5*s - 138 - 87 = 0. Let b = 25319 + -25289. What is the highest common factor of y and b?
10
Let x be (-2)/(-1)*(-6)/(-4). Suppose x*v - 252 = -v. Let t = -5581 - -5588. Calculate the greatest common factor of t and v.
7
Suppose l = 521 + 365 + 1949. What is the highest common factor of 210 and l?
105
Let k(y) = 5*y**2 - 19*y - 54. Let g be k(9). Calculate the highest common factor of 120 and g.
60
Suppose 0 = -5*w + 25, -g + 52*w - 54*w + 30 = 0. Suppose -222 = -5*d - 72. Calculate the greatest common factor of d and g.
10
Suppose 15*i + 1081 = -32*i. Let j be (-4602)/i + (-164)/1886. What is the greatest common factor of 24 and j?
8
Suppose 0 = -23*v + 20*v + 12. Suppose -2*h + 3*d - 25 = -v*h, 0 = -5*h - d + 82. What is the greatest common divisor of 85 and h?
17
Suppose 2*h = 15 - 5. Suppose 3*x - h = 4. Let n be 5 + (2 - 8) + x - -82. What is the highest common factor of n and 28?
28
Let u be (3 + (-2 - 5))/((-52)/728). What is the highest common factor of 376 and u?
8
Suppose -20*u = 23*u - 39*u - 1764. Calculate the highest common divisor of u and 1197.
63
Suppose -3*m - 402 = -4*q, -486 = -5*q + 2*m - m. What is the greatest common factor of 24 and q?
24
Let c be (0 - -5)*(1449/35 + 1). Let w be (c - (3 + -1))*(-60)/(-24). Calculate the highest common divisor of w and 150.
75
Suppose 0 = 4*o + 2*t - 65 - 353, o = -3*t + 102. Let x be -296*(-12)/192*2 + -7. Calculate the greatest common divisor of x and o.
15
Suppose 112059 = 45*c + 90009. Let r(p) = 29*p - 5. Let b be r(5). What is the highest common factor of b and c?
70
Suppose -2*y = -12 - 8. Let v(g) = -12 - 117*g + 216*g + g**2 + g**2 - 109*g. Let q be v(9). What is the highest common divisor of q and y?
10
Let d(u) = 21*u**2 - 2*u - 2. Let s be d(1). Let r = 57 + -36. Let y = r - 4. Calculate the highest common divisor of s and y.
17
Suppose -2*u = 4*m - 440, 0 = -5*u + 5*m + 718 + 352. Calculate the highest common factor of u and 24.
24
Let a be (-7)/(-2) - (-3)/6. Let l be 1 - -20 - (a - 4). Suppose -2*t = -10*t + 1512. Calculate the highest common divisor of l and t.
21
Let r = -20152 + 20360. Calculate the highest common factor of 848 and r.
16
Suppose 0 = 4*a - 5*t + 9, -153*a - 36 = -157*a - 4*t. What is the highest common divisor of a and 4412?
4
Let q = -337 - -337. Suppose q = -32*l + 258 + 4222. What is the highest common divisor of 14 and l?
14
Let o = 9882 + -9798. What is the greatest common divis